{"id":713,"date":"2020-11-19T15:56:13","date_gmt":"2020-11-19T14:56:13","guid":{"rendered":"http:\/\/www.janas-tierhilfe.de\/?page_id=713"},"modified":"2023-11-26T11:18:02","modified_gmt":"2023-11-26T10:18:02","slug":"neue-aktionen-von-pegasus","status":"publish","type":"page","link":"http:\/\/www.janas-tierhilfe.de\/index.php\/neue-aktionen-von-pegasus\/","title":{"rendered":"Neue Aktionen von Pegasus"},"content":{"rendered":"<ol>\n<li>Seit September 2020 ist Pegasus Pate des Geheges einer Familie roter Pandas im Zoo Neuwied. Die Patenschaft gilt lebenslang.<\/li>\n<li>Seit Oktober 2020 hat Pegasus die Patenschaft f\u00fcr &#8222;Joda&#8220; \u00fcbernommen. Ein verletztes Eichh\u00f6rnchen im Schutzpark Eckernf\u00f6rde.<\/li>\n<li>Ab sofort unterst\u00fctzt Pegasus den &#8222;H\u00fchnerretter Nic Dilger&#8220; in Tettnang am Bodensee mit Rat und Spende. Nic (17!) nimmt auf und pflegt ausgemusterte H\u00fchner aus Massenhaltung und verschenkt die Eier gegen Spenden im Ort.<\/li>\n<li>Der Gnadenhof in Worms von Carry mit \u00fcber 200 aufgenommenen Tieren wird ab 2021 mit namhaften Spenden unterst\u00fctzt.<\/li>\n<li>Der Pferdehof Mallmann in Rhens wird mit Spenden, Futter und Material unterst\u00fctzt.<\/li>\n<li>Der Kauf einer Rettungsdrohne f\u00fcr Rehkitz-Ortung ist in Auftrag gegeben.<\/li>\n<li>Ein zweiter Schattenbaum am Tierheim Koblenz wird 2021 gepflanzt.<\/li>\n<li>F\u00fcr das Tierheim Koblenz haben wir 2022 alle Katzenzimmer mit Kratzb\u00e4umen ausgestattet und Kletterbretter zum Ausruhen und Rundlaufen installieren lassen.<\/li>\n<li>Dem Tierschutzverein &#8222;Aktiv f\u00fcr Tiere&#8220;, der sich u.a. um verletzte und aufgefundene Igel k\u00fcmmert, haben wir 500,- \u00a0gespendet.<\/li>\n<li>Wegen des gro\u00dfen Erfolges der Rettungsdrohne haben wir uns entschlossen, eine zweite Drohne zu finanzieren, die vornehmlich zur Kitzrettung gebraucht und ab Herbst 2023 eingesetzt wird.<\/li>\n<\/ol>\n","protected":false},"excerpt":{"rendered":"<p>Seit September 2020 ist Pegasus Pate des Geheges einer Familie roter Pandas im Zoo Neuwied. Die Patenschaft gilt lebenslang. Seit Oktober 2020 hat Pegasus die Patenschaft f\u00fcr &#8222;Joda&#8220; \u00fcbernommen. Ein verletztes Eichh\u00f6rnchen im Schutzpark Eckernf\u00f6rde. Ab sofort unterst\u00fctzt Pegasus den &#8222;H\u00fchnerretter Nic Dilger&#8220; in Tettnang am Bodensee mit Rat und Spende. Nic (17!) nimmt auf &hellip; <\/p>\n<p class=\"link-more\"><a href=\"http:\/\/www.janas-tierhilfe.de\/index.php\/neue-aktionen-von-pegasus\/\" class=\"more-link\"><span class=\"screen-reader-text\">\u201eNeue Aktionen von Pegasus\u201c<\/span> weiterlesen<\/a><\/p>\n","protected":false},"author":1,"featured_media":715,"parent":0,"menu_order":0,"comment_status":"closed","ping_status":"closed","template":"","meta":{"footnotes":""},"class_list":["post-713","page","type-page","status-publish","has-post-thumbnail","hentry"],"_links":{"self":[{"href":"http:\/\/www.janas-tierhilfe.de\/index.php\/wp-json\/wp\/v2\/pages\/713","targetHints":{"allow":["GET"]}}],"collection":[{"href":"http:\/\/www.janas-tierhilfe.de\/index.php\/wp-json\/wp\/v2\/pages"}],"about":[{"href":"http:\/\/www.janas-tierhilfe.de\/index.php\/wp-json\/wp\/v2\/types\/page"}],"author":[{"embeddable":true,"href":"http:\/\/www.janas-tierhilfe.de\/index.php\/wp-json\/wp\/v2\/users\/1"}],"replies":[{"embeddable":true,"href":"http:\/\/www.janas-tierhilfe.de\/index.php\/wp-json\/wp\/v2\/comments?post=713"}],"version-history":[{"count":4,"href":"http:\/\/www.janas-tierhilfe.de\/index.php\/wp-json\/wp\/v2\/pages\/713\/revisions"}],"predecessor-version":[{"id":920,"href":"http:\/\/www.janas-tierhilfe.de\/index.php\/wp-json\/wp\/v2\/pages\/713\/revisions\/920"}],"wp:featuredmedia":[{"embeddable":true,"href":"http:\/\/www.janas-tierhilfe.de\/index.php\/wp-json\/wp\/v2\/media\/715"}],"wp:attachment":[{"href":"http:\/\/www.janas-tierhilfe.de\/index.php\/wp-json\/wp\/v2\/media?parent=713"}],"curies":[{"name":"wp","href":"https:\/\/api.w.org\/{rel}","templated":true}]}}