{"id":575,"date":"2019-03-01T13:04:14","date_gmt":"2019-03-01T12:04:14","guid":{"rendered":"http:\/\/www.janas-tierhilfe.de\/?page_id=575"},"modified":"2021-05-19T17:13:43","modified_gmt":"2021-05-19T15:13:43","slug":"anja-und-das-auto","status":"publish","type":"page","link":"http:\/\/www.janas-tierhilfe.de\/index.php\/anja-und-das-auto\/","title":{"rendered":"Anjas Auto      \/             Paulas Auge"},"content":{"rendered":"\n<p><strong>Anja Nonn <\/strong>ist im Taunus seit vielen Jahren als Hundepension und Tierpflegerin aktiv. Sie arbeitet ehrenamtlich und mit Hingabe auch in der Hundevermittlung. Als ihr Auto kaputt ging, wandte sie sich im Februar 2019 an Pegasus, denn der &#8222;Futtertransport&#8220; f\u00fcr ihre vielen Hunde war gef\u00e4hrdet.&nbsp; <strong>Pegasus<\/strong> \u00fcbernimmt die Auto-Reparaturkosten und hilft damit, die Tierversorgung zu sichern.<\/p>\n\n\n\n<figure class=\"wp-block-image\"><img loading=\"lazy\" decoding=\"async\" width=\"548\" height=\"495\" src=\"http:\/\/www.janas-tierhilfe.de\/wp-content\/uploads\/2018\/06\/pegasus-1.jpg\" alt=\"\" class=\"wp-image-96\" srcset=\"http:\/\/www.janas-tierhilfe.de\/wp-content\/uploads\/2018\/06\/pegasus-1.jpg 548w, http:\/\/www.janas-tierhilfe.de\/wp-content\/uploads\/2018\/06\/pegasus-1-300x271.jpg 300w\" sizes=\"auto, (max-width: 548px) 100vw, 548px\" \/><\/figure>\n\n\n\n<p><strong>Paula<\/strong>, die 10-j\u00e4hrige H\u00fcndin von Gina  hat eine schwere Augenverletzung und musste operiert werden. <strong>Pegasus<\/strong> hat die Operationskosten ma\u00dfgeblich \u00fcbernommen. Das Auge\u00a0 konnte gerettet werden, dank der K\u00fcnste der Betzdorfer Tierklinik. <\/p>\n\n\n\n<p>Noch 2&nbsp;Monate Halskrause,&nbsp;im September (2019) &nbsp;ist alles \u00fcberstanden&#8230;<\/p>\n\n\n\n<figure class=\"wp-block-image\"><img loading=\"lazy\" decoding=\"async\" width=\"1024\" height=\"768\" src=\"http:\/\/www.janas-tierhilfe.de\/wp-content\/uploads\/2019\/07\/CZWQ55911-1024x768.jpg\" alt=\"\" class=\"wp-image-658\" srcset=\"http:\/\/www.janas-tierhilfe.de\/wp-content\/uploads\/2019\/07\/CZWQ55911-1024x768.jpg 1024w, http:\/\/www.janas-tierhilfe.de\/wp-content\/uploads\/2019\/07\/CZWQ55911-300x225.jpg 300w, http:\/\/www.janas-tierhilfe.de\/wp-content\/uploads\/2019\/07\/CZWQ55911-768x576.jpg 768w, http:\/\/www.janas-tierhilfe.de\/wp-content\/uploads\/2019\/07\/CZWQ55911.jpg 1600w\" sizes=\"auto, (max-width: 767px) 89vw, (max-width: 1000px) 54vw, (max-width: 1071px) 543px, 580px\" \/><\/figure>\n","protected":false},"excerpt":{"rendered":"<p>Anja Nonn ist im Taunus seit vielen Jahren als Hundepension und Tierpflegerin aktiv. Sie arbeitet ehrenamtlich und mit Hingabe auch in der Hundevermittlung. Als ihr Auto kaputt ging, wandte sie sich im Februar 2019 an Pegasus, denn der &#8222;Futtertransport&#8220; f\u00fcr ihre vielen Hunde war gef\u00e4hrdet.&nbsp; Pegasus \u00fcbernimmt die Auto-Reparaturkosten und hilft damit, die Tierversorgung zu &hellip; <\/p>\n<p class=\"link-more\"><a href=\"http:\/\/www.janas-tierhilfe.de\/index.php\/anja-und-das-auto\/\" class=\"more-link\"><span class=\"screen-reader-text\">\u201eAnjas Auto      \/             Paulas Auge\u201c<\/span> weiterlesen<\/a><\/p>\n","protected":false},"author":1,"featured_media":658,"parent":0,"menu_order":0,"comment_status":"closed","ping_status":"closed","template":"","meta":{"footnotes":""},"class_list":["post-575","page","type-page","status-publish","has-post-thumbnail","hentry"],"_links":{"self":[{"href":"http:\/\/www.janas-tierhilfe.de\/index.php\/wp-json\/wp\/v2\/pages\/575","targetHints":{"allow":["GET"]}}],"collection":[{"href":"http:\/\/www.janas-tierhilfe.de\/index.php\/wp-json\/wp\/v2\/pages"}],"about":[{"href":"http:\/\/www.janas-tierhilfe.de\/index.php\/wp-json\/wp\/v2\/types\/page"}],"author":[{"embeddable":true,"href":"http:\/\/www.janas-tierhilfe.de\/index.php\/wp-json\/wp\/v2\/users\/1"}],"replies":[{"embeddable":true,"href":"http:\/\/www.janas-tierhilfe.de\/index.php\/wp-json\/wp\/v2\/comments?post=575"}],"version-history":[{"count":14,"href":"http:\/\/www.janas-tierhilfe.de\/index.php\/wp-json\/wp\/v2\/pages\/575\/revisions"}],"predecessor-version":[{"id":884,"href":"http:\/\/www.janas-tierhilfe.de\/index.php\/wp-json\/wp\/v2\/pages\/575\/revisions\/884"}],"wp:featuredmedia":[{"embeddable":true,"href":"http:\/\/www.janas-tierhilfe.de\/index.php\/wp-json\/wp\/v2\/media\/658"}],"wp:attachment":[{"href":"http:\/\/www.janas-tierhilfe.de\/index.php\/wp-json\/wp\/v2\/media?parent=575"}],"curies":[{"name":"wp","href":"https:\/\/api.w.org\/{rel}","templated":true}]}}