{"id":52,"date":"2018-06-29T14:21:39","date_gmt":"2018-06-29T12:21:39","guid":{"rendered":"http:\/\/sub.janas-tierhilfe.de\/?page_id=52"},"modified":"2019-01-05T21:00:47","modified_gmt":"2019-01-05T20:00:47","slug":"die-katzen","status":"publish","type":"page","link":"http:\/\/www.janas-tierhilfe.de\/index.php\/die-katzen\/","title":{"rendered":"Die Katzen"},"content":{"rendered":"<p>Der <strong>Kater Carlo<\/strong>, gen. &#8222;Charly&#8220; hat nur 3 Pfoten. Man hat ihn in Sardinien auf einer M\u00fcllhalde gefunden. Jana entdeckte ihn in der D\u00fcsseldorfer Katzenhilfe.<br \/>\nSein bester Freund war gerade vermittelt worden und Carlo einsam. Heute lebt er mit neuer Freundin &#8222;Koks&#8220; in perfekter Umgebung.<\/p>\n<p><img loading=\"lazy\" decoding=\"async\" class=\"alignnone  wp-image-357\" src=\"http:\/\/www.janas-tierhilfe.de\/wp-content\/uploads\/2018\/12\/IMG_0062-300x225.jpg\" alt=\"\" width=\"525\" height=\"394\" srcset=\"http:\/\/www.janas-tierhilfe.de\/wp-content\/uploads\/2018\/12\/IMG_0062-300x225.jpg 300w, http:\/\/www.janas-tierhilfe.de\/wp-content\/uploads\/2018\/12\/IMG_0062-768x576.jpg 768w, http:\/\/www.janas-tierhilfe.de\/wp-content\/uploads\/2018\/12\/IMG_0062-1024x768.jpg 1024w, http:\/\/www.janas-tierhilfe.de\/wp-content\/uploads\/2018\/12\/IMG_0062.jpg 1280w\" sizes=\"auto, (max-width: 525px) 100vw, 525px\" \/><\/p>\n<p>Die <strong>Albinokatze \u201eKoks\u201c<\/strong> wurde in S\u00fcditalien im Stra\u00dfenverkehr irrend aufgegriffen. Wegen Taubheit besonders gef\u00e4hrdet, au\u00dferdem als Albino unter s\u00fcdlicher Sonne mit geringer Lebenserwartung. Jana nahm sie auf und brachte ihr eine \u201eZeichensprache\u201c bei.\u00a0Da Koks einen schlecht verheilten komplizierten Beinbruch hatte, organisierte sie als Studentin eine Spendenaktion, um die fast 2.000,- \u20ac teure Operation in einer Spezialklinik zu finanzieren. Nach zweimonatiger Intensivpflege im \u201eK\u00e4fig\u201c war Koks zu neuen Abenteuern bereit.<\/p>\n<p><img loading=\"lazy\" decoding=\"async\" class=\"alignnone  wp-image-90\" src=\"http:\/\/www.janas-tierhilfe.de\/wp-content\/uploads\/2018\/06\/koks01-1024x768.jpg\" alt=\"\" width=\"525\" height=\"394\" srcset=\"http:\/\/www.janas-tierhilfe.de\/wp-content\/uploads\/2018\/06\/koks01-1024x768.jpg 1024w, http:\/\/www.janas-tierhilfe.de\/wp-content\/uploads\/2018\/06\/koks01-300x225.jpg 300w, http:\/\/www.janas-tierhilfe.de\/wp-content\/uploads\/2018\/06\/koks01-768x576.jpg 768w, http:\/\/www.janas-tierhilfe.de\/wp-content\/uploads\/2018\/06\/koks01-1200x900.jpg 1200w, http:\/\/www.janas-tierhilfe.de\/wp-content\/uploads\/2018\/06\/koks01.jpg 1280w\" sizes=\"auto, (max-width: 525px) 100vw, 525px\" \/><\/p>\n<p><img loading=\"lazy\" decoding=\"async\" class=\"alignnone size-large wp-image-91\" src=\"http:\/\/www.janas-tierhilfe.de\/wp-content\/uploads\/2018\/06\/koks02-1024x768.jpg\" alt=\"\" width=\"525\" height=\"394\" srcset=\"http:\/\/www.janas-tierhilfe.de\/wp-content\/uploads\/2018\/06\/koks02-1024x768.jpg 1024w, http:\/\/www.janas-tierhilfe.de\/wp-content\/uploads\/2018\/06\/koks02-300x225.jpg 300w, http:\/\/www.janas-tierhilfe.de\/wp-content\/uploads\/2018\/06\/koks02-768x576.jpg 768w, http:\/\/www.janas-tierhilfe.de\/wp-content\/uploads\/2018\/06\/koks02-1200x900.jpg 1200w, http:\/\/www.janas-tierhilfe.de\/wp-content\/uploads\/2018\/06\/koks02.jpg 1280w\" sizes=\"auto, (max-width: 525px) 100vw, 525px\" \/><\/p>\n<p>Der Verein baute f\u00fcr die beiden (und m\u00f6gliche weitere) Katzen ein professionelles Freigehege mit Katzenklappe zum Haus.<\/p>\n<p><img loading=\"lazy\" decoding=\"async\" class=\"alignnone  wp-image-374\" src=\"http:\/\/www.janas-tierhilfe.de\/wp-content\/uploads\/2018\/12\/P1030873-300x225.jpg\" alt=\"\" width=\"525\" height=\"394\" srcset=\"http:\/\/www.janas-tierhilfe.de\/wp-content\/uploads\/2018\/12\/P1030873-300x225.jpg 300w, http:\/\/www.janas-tierhilfe.de\/wp-content\/uploads\/2018\/12\/P1030873-768x576.jpg 768w, http:\/\/www.janas-tierhilfe.de\/wp-content\/uploads\/2018\/12\/P1030873-1024x768.jpg 1024w, http:\/\/www.janas-tierhilfe.de\/wp-content\/uploads\/2018\/12\/P1030873.jpg 2048w\" sizes=\"auto, (max-width: 525px) 100vw, 525px\" \/><\/p>\n","protected":false},"excerpt":{"rendered":"<p>Der Kater Carlo, gen. &#8222;Charly&#8220; hat nur 3 Pfoten. Man hat ihn in Sardinien auf einer M\u00fcllhalde gefunden. Jana entdeckte ihn in der D\u00fcsseldorfer Katzenhilfe. Sein bester Freund war gerade vermittelt worden und Carlo einsam. Heute lebt er mit neuer Freundin &#8222;Koks&#8220; in perfekter Umgebung. Die Albinokatze \u201eKoks\u201c wurde in S\u00fcditalien im Stra\u00dfenverkehr irrend aufgegriffen. &hellip; <\/p>\n<p class=\"link-more\"><a href=\"http:\/\/www.janas-tierhilfe.de\/index.php\/die-katzen\/\" class=\"more-link\"><span class=\"screen-reader-text\">\u201eDie Katzen\u201c<\/span> weiterlesen<\/a><\/p>\n","protected":false},"author":1,"featured_media":85,"parent":0,"menu_order":0,"comment_status":"closed","ping_status":"closed","template":"","meta":{"footnotes":""},"class_list":["post-52","page","type-page","status-publish","has-post-thumbnail","hentry"],"_links":{"self":[{"href":"http:\/\/www.janas-tierhilfe.de\/index.php\/wp-json\/wp\/v2\/pages\/52","targetHints":{"allow":["GET"]}}],"collection":[{"href":"http:\/\/www.janas-tierhilfe.de\/index.php\/wp-json\/wp\/v2\/pages"}],"about":[{"href":"http:\/\/www.janas-tierhilfe.de\/index.php\/wp-json\/wp\/v2\/types\/page"}],"author":[{"embeddable":true,"href":"http:\/\/www.janas-tierhilfe.de\/index.php\/wp-json\/wp\/v2\/users\/1"}],"replies":[{"embeddable":true,"href":"http:\/\/www.janas-tierhilfe.de\/index.php\/wp-json\/wp\/v2\/comments?post=52"}],"version-history":[{"count":10,"href":"http:\/\/www.janas-tierhilfe.de\/index.php\/wp-json\/wp\/v2\/pages\/52\/revisions"}],"predecessor-version":[{"id":445,"href":"http:\/\/www.janas-tierhilfe.de\/index.php\/wp-json\/wp\/v2\/pages\/52\/revisions\/445"}],"wp:featuredmedia":[{"embeddable":true,"href":"http:\/\/www.janas-tierhilfe.de\/index.php\/wp-json\/wp\/v2\/media\/85"}],"wp:attachment":[{"href":"http:\/\/www.janas-tierhilfe.de\/index.php\/wp-json\/wp\/v2\/media?parent=52"}],"curies":[{"name":"wp","href":"https:\/\/api.w.org\/{rel}","templated":true}]}}